63
What are the prime factors of 1587192858?
2, 3, 88177381
List the prime factors of 2600711898.
2, 3, 89, 4870247
List the prime factors of 152556529.
19, 8029291
What are the prime factors of 24264198?
2, 3, 7, 21397
List the prime factors of 304295859.
3, 7, 536677
List the prime factors of 536700153.
3, 11, 16263641
What are the prime factors of 5468635?
5, 113, 9679
List the prime factors of 586422103.
4289, 136727
List the prime factors of 573969192.
2, 3, 1297, 18439
List the prime factors of 69353889.
3, 11, 61, 131, 263
What are the prime factors of 105787629?
3, 53, 463, 479
What are the prime factors of 936733198?
2, 199, 2353601
What are the prime factors of 3952521?
3, 643, 683
List the prime factors of 195604531.
239, 818429
What are the prime factors of 312964939?
7, 44709277
List the prime factors of 54786121.
13, 17, 247901
List the prime factors of 4699914779.
7, 163, 4119119
What are the prime factors of 207365408?
2, 227, 28547
List the prime factors of 149005910.
2, 5, 751, 19841
List the prime factors of 22991032.
2, 2873879
What are the prime factors of 4827159358?
2, 7, 31, 373, 29819
List the prime factors of 57747706.
2, 28873853
List the prime factors of 310430621.
31, 10013891
List the prime factors of 69124268.
2, 2099, 8233
List the prime factors of 41478240.
2, 3, 5, 86413
What are the prime factors of 1950270149?
1950270149
What are the prime factors of 68509408?
2, 11, 191, 1019
List the prime factors of 32827432.
2, 11, 47, 7937
List the prime factors of 50517376.
2, 7, 13, 4337
What are the prime factors of 132525343?
132525343
What are the prime factors of 2321487853?
17, 136558109
List the prime factors of 79823196.
2, 3, 29, 157, 487
List the prime factors of 1275340674.
2, 3, 97, 1229, 1783
List the prime factors of 1158198663.
3, 386066221
What are the prime factors of 81636392?
2, 29, 31, 11351
List the prime factors of 226884354.
2, 3, 4007, 9437
What are the prime factors of 147516790?
2, 5, 14751679
List the prime factors of 20202134.
2, 181, 55807
List the prime factors of 1516674.
2, 3, 252779
What are the prime factors of 52713623?
829, 63587
List the prime factors of 329062761.
3, 17, 41, 52457
List the prime factors of 345195414.
2, 3, 179, 107137
What are the prime factors of 535239217?
2341, 228637
What are the prime factors of 776421279?
3, 109, 659, 1201
What are the prime factors of 140287743?
3, 163, 95629
List the prime factors of 5750533885.
5, 71, 16198687
What are the prime factors of 440474172?
2, 3, 89, 229, 1801
List the prime factors of 62376012.
2, 3, 19, 91193
What are the prime factors of 3786240450?
2, 3, 5, 23, 1097461
What are the prime factors of 2879276274?
2, 3, 7, 7617133
What are the prime factors of 1108046159?
11, 5581, 18049
What are the prime factors of 1352084115?
3, 5, 269, 335089
What are the prime factors of 29898329?
29898329
What are the prime factors of 48307684?
2, 12076921
List the prime factors of 520897447.
7, 653, 113957
What are the prime factors of 270451986?
2, 3, 7, 23, 149, 1879
List the prime factors of 22312662.
2, 3, 3718777
What are the prime factors of 1207099507?
19, 37, 881, 1949
What are the prime factors of 255011494?
2, 431, 295837
What are the prime factors of 2840218970?
2, 5, 139, 2043323
What are the prime factors of 1500668100?
2, 3, 5, 101, 5503
What are the prime factors of 47279273?
41, 1153153
List the prime factors of 1869542640.
2, 3, 5, 7, 61, 2027
What are the prime factors of 197193071?
5113, 38567
What are the prime factors of 331664757?
3, 110554919
What are the prime factors of 66639004?
2, 19, 23, 67, 569
What are the prime factors of 1438635?
3, 5, 11, 8719
List the prime factors of 11738187.
3, 1304243
What are the prime factors of 1236980941?
7, 31, 109, 241
What are the prime factors of 164089650?
2, 3, 5, 101, 10831
List the prime factors of 1029703854.
2, 3, 79, 2172371
List the prime factors of 58404833.
37, 1578509
List the prime factors of 930008489.
930008489
What are the prime factors of 4814736?
2, 3, 37, 2711
What are the prime factors of 51488375?
5, 23, 17909
What are the prime factors of 47022087?
3, 7, 2239147
List the prime factors of 371934962.
2, 7, 31, 856993
List the prime factors of 90016893.
3, 37, 90107
List the prime factors of 65247870.
2, 3, 5, 17, 31, 4127
What are the prime factors of 632058607?
23, 113, 157, 1549
List the prime factors of 2123676905.
5, 7, 43, 47, 4289
List the prime factors of 448294063.
7, 17, 61, 61757
List the prime factors of 5334559070.
2, 5, 2381, 224047
List the prime factors of 730415.
5, 7, 41, 509
What are the prime factors of 117331143?
3, 4523, 8647
List the prime factors of 93326761.
11, 8484251
List the prime factors of 501842724.
2, 3, 5087, 8221
What are the prime factors of 2236157961?
3, 127, 5869181
List the prime factors of 19095680.
2, 5, 29837
What are the prime factors of 7611667472?
2, 23, 20683879
List the prime factors of 22677098.
2, 103, 110083
What are the prime factors of 41075046?
2, 3, 760649
What are the prime factors of 200147499?
3, 43, 517177
List the prime factors of 2561488290.
2, 3, 5, 971, 29311
What are the prime factors of 49777468?
2, 13, 227, 4217
What are the prime factors of 1249144697?
23, 1889, 28751
What are the prime factors of 1292070952?
2, 161508869
What are the prime factors of 228184358?
2, 1607, 70997
What are the prime factors of 2861386597?
41, 61, 163, 7019
List the prime factors of 1008705880.
2, 5, 7, 13, 17, 16301
What are the prime factors of 1801405093?
29, 3371, 18427
What are the prime factors of 1326122384?
2, 82882649
List the prime factors of 4858611992.
2, 13, 487, 95929
List the prime factors of 163387015.
5, 11, 29, 102437
What are the prime factors of 1964817?
3, 127, 191
List the prime factors of 350368832.
2, 11, 47, 10589
List the prime factors of 4736079367.
269, 17606243
What are the prime factors of 116743240?
2, 5, 2918581
List the prime factors of 16779236.
2, 23, 271, 673
What are the prime factors of 447787644?
2, 3, 23, 1622419
List the prime factors of 39790493.
2161, 18413
What are the prime factors of 321353818?
2, 41, 3918949
What are the prime factors of 263754511?
7549, 34939
What are the prime factors of 610775215?
5, 122155043
List the prime factors of 840454091.
840454091
What are the prime factors of 592331588?
2, 148082897
List the prime factors of 216398318.
2, 108199159
What are the prime factors of 4987000297?
199, 25060303
What are the prime factors of 120509232?
2, 3, 2510609
List the prime factors of 110164.
2, 27541
What are the prime factors of 59072383?
373, 158371
List the prime factors of 277704043.
1009, 275227
List the prime factors of 7815672654.
2, 3, 1697, 767597
What are the prime factors of 29948131?
29948131
What are the prime factors of 40642651?
7, 89, 733
What are the prime factors of 1435290264?
2, 3, 1373, 14519
What are the prime factors of 4963216405?
5, 7, 31, 4574393
List the prime factors of 152997703.
6833, 22391
List the prime factors of 517712772.
2, 3, 31, 1391701
List the prime factors of 37445878.
2, 53, 353263
What are the prime factors of 541693117?
7, 17, 29, 156967
List the prime factors of 144106405.
5, 173, 166597
List the prime factors of 1621137657.
3, 83, 6510593
List the prime factors of 1225284560.
2, 5, 73, 209809
List the prime factors of 2568873448.
2, 321109181
What are the prime factors of 107129595?
3, 5, 7141973
List the prime factors of 88774799.
17, 41, 67, 1901
What are the prime factors of 62060774?
2, 47, 53, 12457
List the prime factors of 159011653.
41, 137, 28309
List the prime factors of 27055968.
2, 3, 281833
List the prime factors of 54494048.
2, 7, 67, 3631
What are the prime factors of 125077931?
11, 19, 71, 8429
List the prime factors of 7602299619.
3, 2534099873
What are the prime factors of 70538160?
2, 3, 5, 7, 11, 347
List the prime factors of 214013299.
113, 401, 4723
List the prime factors of 608466609.
3, 41, 83, 19867
List the prime factors of 92306227.
13, 7100479
List the prime factors of 851526901.
151, 691, 8161
List the prime factors of 273672030.
2, 3, 5, 31, 103, 2857
List the prime factors of 143413098.
2, 3, 67, 356749
What are the prime factors of 3536074?
2, 1768037
List the prime factors of